 - (5 + 1)?
1
What is 4 - (-4 - 1 - -2)?
7
Evaluate (3 - 2) + -7 - (-5 - -1).
-2
11 - (13 + (4 - 9) - 3)
6
What is the value of -7 + -1 + 7 + 0 - 2?
-3
(-1 - -2) + 2 + 0 - 8
-5
What is -3 - (2 - 3 - -4) - -1?
-5
4 - ((-1 - 6) + -34 + 38)
7
What is the value of -1 + 10 + (-1 - 4)?
4
9 + (-7 - (1 - 4))
5
What is 7 + -8 - (1 + -2)?
0
What is the value of 5 + 3 + 3 + -4 - 13?
-6
(-2 - 2 - (2 - 5)) + 1
0
Calculate (-10 - -8) + (0 - 1).
-3
Calculate 3 + -10 - (-4 + (3 - 0)).
-6
What is 6 - 0 - ((-5 - -3) + 6)?
2
What is the value of -1 - (-4 - -1 - -2)?
0
2 + (3 - 7) + 5 - 8
-5
What is the value of (-1 - -2) + 7 - (24 + -19)?
3
Calculate 11 + -7 - (2 + -2) - -1.
5
What is the value of -5 + 0 + (-6 - -10)?
-1
What is the value of -17 - -12 - (0 - 3)?
-2
Calculate 0 - 1 - 0 - 1.
-2
Calculate -1 + 2 + 1 + 1.
3
Calculate (-1 - 0) + (27 - (35 - 15)).
6
Evaluate 2 - -1 - (-3 - -2).
4
Calculate -1 + -2 - (-5 + 7 - 2).
-3
1 + 1 + -3 + -2 + 1
-2
Evaluate -3 + -7 + 13 - 10.
-7
Evaluate -4 + 3 + (0 - (2 + 0)).
-3
What is 7 + 0 + (-21 - (-5 + -17))?
8
Calculate -7 + (3 - 2 - 0) + 4.
-2
Evaluate -2 + (7 - (-7 - -15)).
-3
What is 5 - (4 + 0 + -5) - 3?
3
Evaluate -8 + 18 - (3 + -3).
10
What is (-6 - 5) + 5 + (12 - 9)?
-3
Evaluate 4 - (2 - 1) - (2 + -4).
5
Calculate 4 + -2 + -2 + -4.
-4
What is the value of 8 - (-1 - (5 - 20))?
-6
Evaluate -1 - -2 - 2 - (-2 + 2).
-1
1 - -1 - (6 + 1)
-5
Evaluate -2 + (2 - (-1 - (2 - 1))).
2
(9 - 13 - -6) + -7
-5
What is 2 + 2 - 2 - (-5 - -4)?
3
What is the value of -16 + (14 - 7) + 11?
2
Evaluate -3 + -2 + 15 + -3 + -3.
4
Evaluate 37 + -38 + (-2 - 1).
-4
Calculate (-20 - (4 + -12)) + 9.
-3
Calculate (4 + 1 - 12) + 7.
0
What is the value of 3 - (-8 + 12 - 2)?
1
(0 - 0) + 3 - 5 - 0
-2
2 - (-2 + 8) - 0
-4
(4 - 2) + -6 + -4 + 2
-6
What is the value of -1 - (-5 - (-2 - -3))?
5
Evaluate (-4 - 0) + -3 + 2.
-5
Evaluate 3 + (-5 - (-5 - -4) - 3).
-4
What is the value of -4 + -1 + 6 - -2?
3
Calculate 3 + -1 + 2 + -2.
2
Calculate -4 + (0 - (0 + -2)).
-2
1 - (-3 - -13 - 5)
-4
Evaluate 4 - (8 + (-4 - 1)).
1
What is 5 + -6 + 5 + 4 + -6?
2
-5 + 6 - (8 - 3)
-4
Calculate -3 + -1 + 1 + 0 + 1.
-2
What is the value of (2 - 5) + (1 + -6 - -4)?
-4
What is the value of 2 + (-14 - -7) + 7?
2
1 - 0 - (47 + -49)
3
What is the value of 122 + -120 - (-3 + 1 + -1)?
5
Calculate (-5 - -5) + (-11 - -7).
-4
Calculate 15 + -5 - 14 - -6.
2
Calculate 1 - 2 - ((-1 - 4) + 7).
-3
14 - 18 - (2 + -4 - 2)
0
Evaluate 102 - 101 - (8 + 0).
-7
What is the value of -10 - -6 - (3 + -3 - 3)?
-1
What is the value of (11 - 8) + -24 + 16?
-5
What is 8 + (8 - 18) - (-2 - -4)?
-4
Evaluate (-6 - (-22 + 5)) + -7.
4
What is the value of 0 + -7 + 11 - 7?
-3
What is the value of (1 - (-3 + 8)) + 4?
0
Evaluate -1 - (4 - (2 - (-3 + 3))).
-3
Calculate -5 - (-6 - (4 + -1 + -4)).
0
-3 + (-4 - -10) - (2 - 4)
5
What is 3 - (1 + 0 - -2 - 0)?
0
What is 11 + (-6 - 12) + 1?
-6
Evaluate 3 - (2 + 2 + -5).
4
Evaluate -6 + 24 + (-22 - -13).
9
0 + -3 - ((-22 - -26) + 3)
-10
What is the value of 3 + -2 + -14 + 6?
-7
Evaluate (6 - 3) + (-2 - 1).
0
Evaluate -1 + (-5 - -2) + 4 + 6.
6
Calculate -7 - 1 - (-1 - (2 - -6)).
1
Calculate (-1 - 0 - (29 + -32)) + -2.
0
What is the value of -4 + -5 + 4 + 6?
1
What is the value of (3 + 7 - 12) + 2?
0
What is the value of (-9 - (-5 - 5)) + 3 + -1?
3
Evaluate 2 - (0 - 0) - (4 + -1).
-1
What is the value of -4 - 3 - -4 - (23 + -22)?
-4
Calculate (-71 - -72) + -1 + (2 - -5).
7
(14 - 3 - 2) + -1 - 3
5
What is the value of (6 + -4 - -4) + -3?
3
(28 - 27) + 1 + -4
-2
What is the value of (14 - (6 - 1)) + -9?
0
Calculate 0 + -5 - (0 - (3 + -2)).
-4
Calculate -4 + -1 + (9 - 2).
2
What is the value of 9 - (1 - -3) - 8?
-3
Calculate -2 - -1 - (8 + -7).
-2
What is (-1 + -2 - 0) + 0 + 0?
-3
What is the value of (-4 - (-8 + (3 - 2))) + 6?
9
What is the value of (4 - 9) + (11 - 4)?
2
What is the value of -4 + (12 + -9 - -3)?
2
What is (4 - (-2 - 0)) + -4?
2
-1 - -9 - (-5 - (7 - 15))
5
What is the value of 4 + (7 - 5) - 0?
6
Calculate (7 - (-6 - -13)) + -1 + 3.
2
Calculate 1 - ((4 + -8 - -2) + -1).
4
What is the value of 6 - (4 + 3) - (0 + 1)?
-2
13 - 13 - (2 + -6)
4
Calculate (-4 + 1 - 1) + 75 + -69.
2
Evaluate 3 - (7 - (-5 + 4)).
-5
Evaluate 3 + 2 + 0 + -1.
4
What is -7 - (-8 + 5) - 1?
-5
Evaluate -7 + (-15 + 4 - -24).
6
What is the value of (-8 - (-10 - -5)) + 1?
-2
Calculate 6 - (-49 - -59 - (0 + -4)).
-8
What is -2 + -1 + (-11 - -6 - -6)?
-2
What is the value of -5 + 2 - -4 - (-2 + 0)?
3
Evaluate 4 + 2 + -4 - (11 - 12).
3
What is -1 + 1 + (-2 - 0 - -5)?
3
Calculate (6 - 11) + (-6 + 4 - -5).
-2
(1 + 1 - 1) + -1
0
What is (-8 - (4 + -11)) + 5?
4
What is 1 - 0 - (9 + -3)?
-5
What is 10 + 7 + -13 + -9 + -2?
-7
What is the value of (-5 - -3) + -7 - -11?
2
-1 - ((2 - -1) + -7)
3
Evaluate 2 + -7 - (-7 + -1).
3
Evaluate 0 + 1 + -2 - (9 + -10).
0
What is the value of 14 + -12 + 11 - 6?
7
What is the value of -4 + -2 + (0 - -1)?
-5
What is 3 + -1 + (-5 - 1 - -3)?
-1
Evaluate (-6 + 1 - -3) + (5 - -1).
4
What is the value of (-1 - 3) + 1 - (64 + -59)?
-8
Calculate 5 - (-1 - (4 + (3 - 9))).
4
What is 3 + (-5 + -2 - -3) - 0?
-1
Calculate -2 - (-5 + (5 - 4)).
2
Evaluate 2 - (1 - (2 + -2 + 2)).
3
Evaluate 4 + -4 + 2 + (0 - 1).
1
What is 2 + -4 + 9 + -6?
1
What is -2 + 17 - (-1 - -10)?
6
Calculate 5 - (-1 + 8 - 4).
2
Calculate -1 - 4 - ((-5 - -5) + -4).
-1
What is the value of 5 + 2 + -2 - -1?
6
What is (0 - 12) + 8 - -11?
7
What is (-5 - -1) + (-5 - (-9 - -4))?
-4
Calculate 8 + -2 + -5 - (0 + 3).
-2
9 + (1 - 6) + 0
4
(3 - -1) + 1 - (52 - 40)
-7
What is the value of (3 + -4 - -4) + 1?
4
Evaluate 18 + -19 + (3 - 1 - 0).
1
What is the value of -8 - (6 + (-9 - 0))?
-5
Calculate (3 - 7) + -8 - -7.
-5
What is the value of -10 - -10 - (4 - (-5 + 8))?
-1
Evaluate (11 + -3 - 4) + (1 - 5).
0
5 + -6 + (1 - 2 - -7)
5
Evaluate (-3 - 1 - 0) + 1.
-3
What is 13 - (-13 + -6 + 39)?
-7
-2 + 3 + (2 - 4)
-1
What is the value of 2 + -7 + 3 + 5?
3
What is the value of -8 + 6 - -17 - 9?
6
What is the value of 3 - (-2 + 9 + -2)?
-2
What is 0 + -2 + (5 - 1) + -1?
1
What is the value of (36 - 39) + (0 - -1) + -5?
-7
What is the value of (1 - (4 + 0)) + 32 + -31?
-2
11 - (1 - -4 - -5)
1
11 - 7 - (1 + -1)
4
Evaluate 6 + -2 - (4 + 0).
0
What is -22 - -22 - (0 + 1)?
-1
What is the value of -1 - (-2 + 5) - (9 - 12)?
-1
(5 - (8 - 1)) + 2
0
Calculate 3 + 6 + -8 + (-5 - -5).
1
-2 + 3 + -6 + 1 + 0
-4
-8 - (2 + 0 - 7)
-3
Evaluate (1 - 1) + 7 - (-14 - -17).
4
What is 5 + (-1 - (8 - -7) - -1)?
-10
What is the value of (-1 - 6) + 5 + -3 + 12?
7
What is the value of -1 - -7 - (10 + 7 + -9)?
-2
What is 8 + 0 + (-6 - (-2 - 2))?
6
What is the value of -3 - (7 - (2 - -1) - 14)?
7
What is the value of 5 - (1 + (-2 - -7))?
-1
Evaluate 2 - (5 + -1 + -4 + 0).
2
(-1 - (-5 + 2)) + (2 - 3)
1
Calculate 3 - (2 + 4) - 1.
-4
What is the value of -4 + (-4 - 0) + 9?
1
Evaluate (11 - 17) + 0 - -13.
7
Calculate -19 + (37 - 26) - (-13 + 1).
4
Calculate -23 - -29 - (0 + -1 + 4).
3
Evaluate (8 - 13 - -9) + (-1 - -2).
5
(0 - -1 - -13) + (-7 - -2)
9
What is -1 - (-5 - (4 + -4)) - -1?
5
Evaluate (2 - 1) + 9 + -5 + -8.
-3
Evaluate -2 - (-1 - (0 + (1 - 4))).
-4
Evaluate -3 - 2 - (-4 - (-2 + 4)).
1
-12 + 16 + 12 + -23
-7
What is the value of -13 - (2 + -8) - -11 - 7?
-3
Evaluate (11 - 17) + 1 + 4.
-1
What is (-2 - -4) + -1 + (1 - 5)?
-3
Evaluate -7 + 3 - (-6 - (-4 + 3)).
1
Calculate (-5 - -3 - -1) + 4 - 0.
3
What is (16 + -9 - -3) + -2?
8
Calculate 13 - 13 - (-2 + -1 + 2).
1
What is the value of (8 - 3) + (-3 - (4 + -6))?
4
What is the value of 3 - (-6 + 9 + 2) - -5?
3
Calculate (7 - 1) + 8 + -7 + -3.
4
Evaluate 4 + -3 + 1 + -2.
0
Evaluate -4 + -9 + 1 - -8.
-4
Calculate 0 + -4 + (3 - -2) + -5.
-4
Calculate 6 + (24 - 25) + -1 + -1.
3
What is the value of -3 - ((-1 - 1) + -5 + 3)?
1
Calculate -12 - -7 - (0 + 1).
-6
Calculate 4 + (-2 - (-5 - -3) - 2).
2
Calculate (-172 - -170) + (-1 - -8).
5
What is -1 + -4 + -7 + 13 + -8?
-7
Evaluate (-2 - -6) + 0 + 0.
4
0 - 6 - (0 - 5)
-1
What is (1 - -6) + -3 + (3 - 6)?
1
Calculate -1 - 1 - -2 - (19 + -23).
4
Calculate 9 + -10 - (9 - (3 + 0)).
-7
What is the value of (0 - -1) + (-9 - -3) + 2?
-3
-6 + 3 + -1 + 9 + -9
-4
Evaluate 0 + (0 - (3 + -3 + -3)).
3
Evaluate (-7 - (11 - 4) - -7) + 4.
-3
What is the value of 16 + -18 + 1 + 